Is 462295 a prime number?
False
Is 28781 a composite number?
True
Is 501937 composite?
True
Is 508637 prime?
True
Is 30241 a composite number?
False
Is 293257 prime?
True
Is 140263 prime?
True
Is 67289 a composite number?
False
Is 31303 prime?
False
Is 465373 a composite number?
False
Is 109961 a composite number?
False
Is 297049 composite?
False
Is 29426 a prime number?
False
Is 1274927 a prime number?
False
Is 3643 a prime number?
True
Is 44351 composite?
False
Is 106055 a composite number?
True
Is 16367 a composite number?
True
Is 1247 a composite number?
True
Is 1171 a composite number?
False
Is 26517 a composite number?
True
Is 481 composite?
True
Is 52691 composite?
False
Is 11747 a prime number?
False
Is 473657 a composite number?
True
Is 31303 a prime number?
False
Is 81941 prime?
False
Is 6494623 a prime number?
True
Is 1097 a prime number?
True
Is 322147 composite?
True
Is 282551 prime?
False
Is 145177 a composite number?
False
Is 20489 a prime number?
False
Is 29059 prime?
True
Is 78527 a composite number?
True
Is 12373 a prime number?
True
Is 83399 composite?
False
Is 1004117 a composite number?
False
Is 4609 a composite number?
True
Is 114859 composite?
False
Is 89147 composite?
True
Is 8887 a composite number?
False
Is 323599 a composite number?
False
Is 4222 prime?
False
Is 83711 a composite number?
True
Is 218 composite?
True
Is 15493 a prime number?
True
Is 35221 a prime number?
True
Is 253601 a prime number?
True
Is 80621 composite?
False
Is 15619 a composite number?
False
Is 147919 a prime number?
True
Is 7661 prime?
False
Is 433229 prime?
True
Is 9047 a composite number?
True
Is 9627 composite?
True
Is 185323 a prime number?
True
Is 1260143 prime?
True
Is 40501 composite?
True
Is 18679 a prime number?
True
Is 1151947 composite?
True
Is 2773 prime?
False
Is 110807 composite?
False
Is 49391 a composite number?
False
Is 143711 prime?
True
Is 107441 composite?
False
Is 144883 a composite number?
False
Is 10409 a composite number?
True
Is 463273 a prime number?
False
Is 8885 a composite number?
True
Is 3755 composite?
True
Is 41941 prime?
True
Is 7531 a prime number?
False
Is 579 prime?
False
Is 551 a composite number?
True
Is 4547 a prime number?
True
Is 8329 a prime number?
True
Is 307015 composite?
True
Is 2370809 composite?
True
Is 50669 composite?
True
Is 129947 prime?
False
Is 248389 a prime number?
True
Is 10367 prime?
False
Is 5095 a prime number?
False
Is 429449 a prime number?
True
Is 120269 composite?
True
Is 59227 a prime number?
False
Is 12197 a composite number?
False
Is 150581 a composite number?
True
Is 57446 prime?
False
Is 9467 composite?
False
Is 6694 a prime number?
False
Is 222483 prime?
False
Is 7061 prime?
False
Is 1543 composite?
False
Is 13649 a prime number?
True
Is 64567 a prime number?
True
Is 532489 a prime number?
True
Is 467 composite?
False
Is 5581 a prime number?
True
Is 724901 composite?
False
Is 4783 a composite number?
False
Is 7729 prime?
False
Is 101734 composite?
True
Is 611369 composite?
True
Is 19407 prime?
False
Is 3377 composite?
True
Is 2627 a prime number?
False
Is 139463 a prime number?
False
Is 380251 prime?
True
Is 33791 prime?
True
Is 8081 a composite number?
False
Is 4063 a composite number?
True
Is 117497 a composite number?
False
Is 162349 composite?
True
Is 147163 composite?
False
Is 267169 a composite number?
True
Is 9997 composite?
True
Is 44351 prime?
True
Is 167329 a prime number?
True
Is 54271 a prime number?
False
Is 62485 prime?
False
Is 451859 composite?
False
Is 96643 a prime number?
True
Is 1820138 prime?
False
Is 25435 a composite number?
True
Is 2095 a prime number?
False
Is 4903 a prime number?
True
Is 1657 prime?
True
Is 1623 a composite number?
True
Is 683 composite?
False
Is 69653 a prime number?
True
Is 2719 a prime number?
True
Is 49577 prime?
False
Is 6731 composite?
True
Is 66841 a composite number?
False
Is 75347 composite?
False
Is 208279 a composite number?
False
Is 4183 prime?
False
Is 977 composite?
False
Is 27533 a prime number?
False
Is 15709 a composite number?
True
Is 3463 prime?
True
Is 2463 a composite number?
True
Is 275837 a prime number?
True
Is 4103 a composite number?
True
Is 67957 a prime number?
True
Is 26597 a prime number?
True
Is 2272843 composite?
False
Is 72859 composite?
False
Is 22739 prime?
True
Is 15559 composite?
False
Is 15193 composite?
False
Is 12853 a prime number?
True
Is 183455 a prime number?
False
Is 161779 prime?
True
Is 70279 composite?
True
Is 1609457 a prime number?
True
Is 2481847 prime?
False
Is 879167 a prime number?
True
Is 16729 a prime number?
True
Is 7103 a composite number?
False
Is 194757 prime?
False
Is 83047 composite?
False
Is 146719 a composite number?
False
Is 553937 composite?
True
Is 16447 a composite number?
False
Is 35141 a prime number?
True
Is 34985 a composite number?
True
Is 326911 prime?
False
Is 116837 a prime number?
False
Is 2411 a composite number?
False
Is 797 composite?
False
Is 145 composite?
True
Is 73417 composite?
False
Is 41641 a composite number?
False
Is 1990091 a prime number?
False
Is 191 composite?
False
Is 9427 composite?
True
Is 314095 composite?
True
Is 145303 a prime number?
True
Is 70927 a composite number?
True
Is 300053 composite?
True
Is 2798155 composite?
True
Is 3561 a prime number?
False
Is 71 a prime number?
True
Is 3735977 a prime number?
False
Is 626887 composite?
False
Is 174347 prime?
True
Is 13283 a composite number?
True
Is 230699 prime?
False
Is 22353 prime?
False
Is 17533 prime?
False
Is 700423 a prime number?
True
Is 19697 prime?
True
Is 7941 prime?
False
Is 2761 a composite number?
True
Is 4727 a prime number?
False
Is 15193 prime?
True
Is 39359 a composite number?
False
Is 4127 a prime number?
True
Is 7835 a prime number?
False
Is 13081 a composite number?
True
Is 70259 a prime number?
False
Is 12187 prime?
False
Is 235723 composite?
False
Is 14509 a composite number?
True
Is 235869 a prime number?
False
Is 1171 prime?
True
Is 30757 a prime number?
True
Is 9229 prime?
False
Is 219673 a composite number?
True
Is 1353311 composite?
False
Is 21341 a composite number?
False
Is 2104933 prime?
True
Is 354727 a composite number?
False
Is 3277 prime?
False
Is 209881 a prime number?
False
Is 73463 prime?
False
Is 596143 a prime number?
True
Is 23209 a composite number?
False
Is 2479 a composite number?
True
Is 46957 a composite number?
False
Is 287921 prime?
True
Is 11923 composite?
False
Is 137779 prime?
False
Is 2498521 a prime number?
True
Is 94201 a prime number?
True
Is 1362511 a composite number?
False
Is 233 a prime number?
True
Is 2615299 composite?
False
Is 4181 prime?
False
Is 2509 a prime number?
False
Is 4577 a prime number?
False
Is 4707899 prime?
False
Is 858965 a composite number?
True
Is 19949 a composite number?
False
Is 18227 composite?
True
Is 37819 a composite number?
True
Is 521357 composite?
False
Is 9199 a composite number?
False
Is 37353 composite?
True
Is 753649 composite?
True
Is 6499 composite?
True
Is 20161 a prime number?
True
Is 25499 a composite number?
True
Is 238399 a composite number?
True
Is 296297 composite?
True
Is 14617 prime?
False
Is 210481 a composite number?
False
Is 6047 prime?
True
Is 205718 prime?
False
Is 67883 a composite number?
False
Is 273551 composite?
False
Is 25969 composite?
False
Is 76991 a prime number?
True
Is 50458 prime?
False
Is 5323 composite?
False
Is 4598645 composite?
True
Is 756254 a prime number?
False
Is 33199 a composite number?
False
Is 27658 prime?
False
Is 24019 composite?
False
Is 214331 a composite number?
True
Is 93 a composite number?
True
Is 258163 composite?
True
Is 283369 a composite number?
False
Is 271 composite?
False
Is 183145 prime?
False
Is 30403 a prime number?
True
Is 650609 composite?
False
Is 1901 a prime number?
True
Is 3989 prime?
True
Is 42877 a prime number?
False
Is 249691 a prime number?
False
Is 22537 prime?
False
Is 356519 composite?
True
Is 136151 prime?
False
Is 114877 a prime number?
False
Is 3433 prime?
True
Is 339919 composite?
True
Is 129097 a prime number?
True
Is 8009 a composite number?
False
Is 6289 a composite number?
True
Is 27463 composite?
True
Is 153245 a composite number?
True
Is 50329 a composite number?
False
Is 438701 prime?
True
Is 365669 a prime 